reatest common factor of 5 and x?
5
Let s = -1 + 0. Let w be (19 - s) + 6 + -3. What is the greatest common factor of 23 and w?
23
Let q(i) = i + 5. Let x be q(6). Suppose -g + 4*a = -83, 2*a - 4 = a. Calculate the highest common divisor of g and x.
11
Suppose 5*d - 19 = 41. Let x(z) = -z + 2. Let q be x(6). Let g be 2*28*(-6)/q. What is the highest common factor of g and d?
12
Suppose 3*m - 12 = -2*c, 0*c = 4*m + c - 16. Let d be 30/m*(-140)/(-25). Let x = 20 + -14. What is the greatest common divisor of d and x?
6
Suppose o - 7 = m, 4*o - 3*m = 2*o + 15. What is the greatest common factor of 66 and o?
6
Let l(n) = 2*n - 5. Let z be l(5). Suppose 78 = z*a - 42. What is the greatest common divisor of a and 6?
6
Let n = -11 - -17. Suppose z = n*z - 15. Let f(s) = s + 11. Let r be f(-9). Calculate the highest common factor of r and z.
1
Let p = -19 - -45. Let l be (-2)/((-2)/28*2). Let a(u) = u**3 - 15*u**2 + 16*u - 2. Let v be a(l). Calculate the highest common divisor of v and p.
26
Suppose v - 35 = -v + 3*p, 4*p = 4*v - 76. Calculate the greatest common factor of v and 110.
22
Let a be (-2)/5 + (-244)/(-10). Let u = -3 - -7. Let b be 3 - (-2)/u*0. What is the highest common factor of a and b?
3
Suppose h - 23 = -4*f + 6*h, 0 = 2*f - 4*h - 16. Suppose f*g - 20 = -2. Let i be (-2)/(-10) - 896/(-20). What is the highest common divisor of i and g?
9
Suppose -4*c + 392 = 4*b, 0 = -5*b + c + 4*c + 500. Calculate the greatest common divisor of b and 9.
9
Let o be (29 - (3 + 0)) + -2. Suppose -4*x + 105 = 9. Suppose 3*t - t = 5*l - 9, 4*t + 4*l = x. What is the greatest common divisor of o and t?
3
Suppose -28 = q - 3*q. Let a be 4/1 - -40 - 2. Calculate the highest common divisor of q and a.
14
Let x = 9 - -3. Suppose 0*z + 3*z = x. What is the greatest common divisor of 32 and z?
4
Suppose -25 = -t + 4*g, -4*g = -3*t - 0*t + 35. What is the greatest common divisor of t and 35?
5
Let f(k) = -1 + 3 - 4*k - 5*k + 3*k + 6*k**2 - k**3. Let y be f(4). Let i = y - -1. What is the highest common factor of i and 99?
11
Let l(v) = v**3 + 19*v**2 - 3*v + 6. Let b be l(-19). What is the greatest common factor of 7 and b?
7
Suppose -4*u = -3*u - 33. Calculate the highest common divisor of 22 and u.
11
Suppose -452 = -5*b + 198. What is the highest common factor of b and 26?
26
Let o = -15 + 20. Let f be 816/40 - (-3)/o. Let m(c) = c**3 + 4*c**2 - 3*c - 5. Let d be m(-4). Calculate the highest common divisor of d and f.
7
Let s(o) = -3*o + 69. Let i be s(22). Calculate the highest common factor of i and 3.
3
Let s = 7 + -5. Let u be 330/27 + (-14)/63. Calculate the greatest common divisor of u and s.
2
Let f = -30 + 32. What is the highest common factor of f and 16?
2
Let m be ((-32)/(-12))/((-3)/(-198)). Calculate the greatest common divisor of m and 16.
16
Let n be 17/4 - 1/4. Suppose -2*i + 1 = 3. Let d be i*n/((-4)/7). Calculate the greatest common divisor of 1 and d.
1
Let z be 3*3/(18/(-74)). Let v = 89 + z. Suppose 5*a - v = a. What is the highest common factor of a and 13?
13
Let h = -9 - -7. Let a be h/11 - (-68)/11. What is the highest common factor of 4 and a?
2
Let d(t) = 32*t - 7. Let p(v) = -v. Let h be p(-4). Let m be d(h). Calculate the greatest common divisor of 11 and m.
11
Suppose 0 = -o + a - 5*a + 4, 5*o - 20 = 5*a. Let j be (-1 + 4)*(-2)/(-3). What is the highest common divisor of j and o?
2
Let k be (-3)/(-12) - 767/(-4). Let i = k - 92. Calculate the highest common factor of i and 20.
20
Let b = 114 + -58. What is the highest common divisor of 7 and b?
7
Let k = 57 + -48. Suppose 0 = 5*b - 6*r + r - 400, -5 = -5*r. Calculate the highest common divisor of b and k.
9
Suppose 0 = -2*g + 3*j + 16, 2*j - 10 = -3*j. What is the highest common divisor of 2 and g?
1
Suppose 0 = -7*w + 5*w + 42. Calculate the greatest common divisor of 63 and w.
21
Let l(o) = -54*o + 54. Let w(u) = -18*u + 18. Let q(y) = -4*l(y) + 11*w(y). Let i be q(8). What is the greatest common divisor of 18 and i?
18
Let o be 4/(-22) - 2493/(-99). Calculate the greatest common factor of o and 5.
5
Let s(k) = -25*k - 1. Let o be s(-1). Let q be o - 1 - (-1 + -1). Let i be (40/12)/(12/(-9))*-2. What is the greatest common factor of i and q?
5
Let v(o) = o**2 + 5*o + 13. Let i be v(0). Calculate the greatest common divisor of 65 and i.
13
Let q(f) = 3*f**2 - 3*f + 3. Let v be q(-3). What is the highest common factor of 39 and v?
39
Let t be 2/((-3)/3) + 12. Let f(h) = h**3 + 3*h**2 - 7*h + 6. Suppose -y + 4 + 0 = 0. Let i be f(y). What is the highest common factor of i and t?
10
Let l = 7 + 5. Calculate the greatest common divisor of l and 120.
12
Suppose l = -0*l. Suppose j = -4*n + 308 + 48, -2*n - j = -180. Suppose l = -2*c + 6*c - n. Calculate the highest common divisor of c and 2.
2
Let t be 14 + -6 + (1 - 1). Let n be 1 + -1 + 1 + 1. Suppose -n*h = 2*h - 80. What is the highest common factor of h and t?
4
Let t be (-8)/(-28) + 130/(-14). Let c(m) = -3*m + 5. Let x be c(t). Calculate the highest common factor of x and 256.
32
Let g(r) = 5*r**2 - 13*r + 12. Let k be g(9). Suppose -2*t = 3*t - k. Let q be 10 - (2 + -1 + -3). Calculate the highest common factor of q and t.
12
Let l(q) = q**3 + 3*q**2 + 3*q + 2. Let t be l(-2). Let w = t - -7. What is the highest common factor of w and 56?
7
Suppose -4*h = 2*h - 66. Calculate the highest common divisor of 132 and h.
11
Suppose f + f + 10 = 0, 0 = 2*r - 4*f - 76. What is the highest common divisor of 42 and r?
14
Suppose 0 = -t - 3*t + 20. Suppose 20 = t*c - c. Suppose 0 - 65 = -c*b. Calculate the highest common factor of b and 13.
13
Suppose 10 = 2*f - 7*f. Let h(w) = -w - 1. Let u(i) = -3*i - 3. Let s(y) = -2*h(y) + u(y). Let r be s(f). What is the highest common factor of r and 5?
1
Let y(n) = -n**2 + 8*n - 5. Let u = 6 - 1. Let r be y(u). Calculate the highest common divisor of 10 and r.
10
Let r(m) = -2*m**3 - 4*m**2 - 5*m - 3. Let x be r(-4). Suppose 113 = 2*i - a - 4*a, 3*a - 51 = -i. What is the highest common factor of i and x?
27
Suppose -5*a + 11 = 1. Let y(z) = 2*z + 4*z**3 - 6*z**a + 0*z - 2*z**3. Let u be y(4). Calculate the greatest common divisor of u and 10.
10
Let w(l) = l + 5. Let p = 4 - 2. Let q(y) = 5*y + 21. Let s(v) = p*q(v) - 9*w(v). Let h be s(9). Calculate the greatest common factor of h and 6.
6
Suppose -2*z - 4 = -3*z. Suppose 0 = -4*b + o - 9 + 22, 21 = 3*b + 3*o. What is the greatest common factor of z and b?
4
Let k be 6/(-9) - (-23)/3. Suppose -t - k = -4*a, -5*t - 58 = -2*a + 5*a. Let q = -8 - t. What is the greatest common factor of q and 3?
3
Suppose -5*s + 0*s + 120 = 5*c, -5*s - 114 = -4*c. Let x = -1 + c. Calculate the highest common factor of 25 and x.
25
Suppose -3*x + 9 = 3*h - 5*h, 0 = 4*x - 4*h - 12. Let g = 2 - 0. Suppose g*s + 10 = 7*s. Calculate the highest common divisor of s and x.
1
Let a be (1/(-2))/(2/(-92)). What is the greatest common divisor of 138 and a?
23
Let y = 4 - 3. Suppose 4 = d - y. Suppose 78 = -d*z + 298. Calculate the greatest common divisor of 4 and z.
4
Suppose -42 = -5*f + f - 2*k, -2*f + 24 = -2*k. Suppose -g + 19 = 8. What is the greatest common factor of g and f?
11
Let d(b) be the first derivative of -15*b**2/2 + 2*b + 4. Let z be d(-6). Calculate the greatest common divisor of z and 23.
23
Suppose -512*p + 429 = -509*p. Suppose 0 = 4*d - 3*g - 58, -58 = -4*d - 5*g - 16. Calculate the highest common factor of d and p.
13
Let i be 4/(-10) + 36/15. Suppose 0*c = -2*z - 5*c + 150, i*c = z - 66. What is the highest common factor of 14 and z?
14
Suppose i + 3*m + 13 = 0, -3*i + 4*i - 5*m = 27. Suppose 0 = -g - 2*h + i, -h + 15 = 4*g. Calculate the greatest common divisor of g and 36.
4
Let p(h) = -h**2 + 7*h - 8. Let r be p(6). Let n be 0/(-2 - 2/r). Suppose -2*i + 188 - 56 = n. Calculate the highest common divisor of 6 and i.
6
Let k be (3 - -3)*(-12)/(-9). What is the highest common divisor of 4 and k?
4
Suppose -8*u + 30 = -2. What is the greatest common factor of u and 32?
4
Let t(f) be the third derivative of f**6/120 - f**5/6 - 3*f**4/8 + 13*f**3/6 + 10*f**2. Let c be t(11). Calculate the highest common divisor of c and 7.
7
Suppose 0*y + 15 = 3*q + 3*y, 3*q = -y + 17. Let u be (-3)/6*18*q. Let p = -21 - u. What is the greatest common factor of p and